
{"id":103,"date":"2016-07-28T06:24:00","date_gmt":"2016-07-28T06:24:00","guid":{"rendered":"http:\/\/demo.acoda.com\/demo-8\/?page_id=103"},"modified":"2017-08-21T16:00:28","modified_gmt":"2017-08-21T16:00:28","slug":"our-work","status":"publish","type":"page","link":"https:\/\/vicomfestsaal.de\/?page_id=103","title":{"rendered":"Catering"},"content":{"rendered":"<p>[vc_row full_width=&#8220;stretch_row&#8220; full_height=&#8220;half_row_height&#8220; parallax=&#8220;yes&#8220; overlay_color=&#8220;rgba(0,0,0,0.4)&#8220; css=&#8220;.vc_custom_1474359160623{background-image: url(http:\/\/demo.acoda.com\/demo-13\/wp-content\/uploads\/sites\/9\/2016\/07\/portfolio-5.jpg?id=217) !important;}&#8220;][vc_column][\/vc_column][\/vc_row][vc_row full_width=&#8220;stretch_row&#8220; css=&#8220;.vc_custom_1469436511073{padding-top: 120px !important;padding-bottom: 120px !important;}&#8220; anchor_link=&#8220;portfolio&#8220;][vc_column][vc_column_text css=&#8220;.vc_custom_1503331220892{padding-top: 10px !important;padding-bottom: 10px !important;}&#8220;]<\/p>\n<h2 style=\"text-align: center;\">Lassen Sie sich verw\u00f6hnen!<\/h2>\n<p>[\/vc_column_text][vc_column_text]Im Herzen der Mutterstadt Berlin geh\u00f6ren wir zu den f\u00fchrenden Anbietern.<br \/>\nVom Konzept \u00fcber die Organisation bis zur Event-Begleitung \u00fcbernehmen wir die gesamte Durchf\u00fchrung ihrer Veranstaltung mit Perfektion und unserer Kompetenz.<br \/>\nGanz egal, was in unserer Erwartungsliste steht, wir erf\u00fcllen es ihnen. Ihre Veranstaltung wird ein Erlebnis und daf\u00fcr sorgen wir.\u00a0 Unser Service-Team plant gemeinsam mit Ihnen die Verpflegung ihrer G\u00e4ste, sowie auch auf Wunsch die Auswahl unserer<br \/>\nVeranstaltungs-Location. Von der glanzvollen Feier bis zur anspruchsvollen Gala-Dinner reicht unsere Erfahrung.<\/p>\n<p>Unsere Dienstleistungen k\u00f6nnen Sie von 30 bis zu 3.000 G\u00e4sten buchen.<\/p>\n<p>F\u00fcr n\u00e4here Informationen beuschen Sie uns bitte auf<\/p>\n<p><strong><span class=\"medium-text\">www.okeanos-catering.de<\/span><\/strong>[\/vc_column_text][vc_row_inner][vc_column_inner width=&#8220;1\/3&#8243;][\/vc_column_inner][vc_column_inner width=&#8220;1\/3&#8243;][vc_separator color=&#8220;link_color&#8220; border_width=&#8220;4&#8243; el_width=&#8220;20&#8243; css=&#8220;.vc_custom_1472903522831{margin-top: 5px !important;}&#8220;][\/vc_column_inner][vc_column_inner width=&#8220;1\/3&#8243;][\/vc_column_inner][\/vc_row_inner][vc_row_inner css=&#8220;.vc_custom_1467381068708{padding-top: 0px !important;}&#8220;][vc_column_inner width=&#8220;5\/6&#8243; offset=&#8220;vc_col-lg-offset-1 vc_col-md-offset-1 vc_col-sm-offset-1&#8243;][\/vc_column_inner][\/vc_row_inner][postgallery_grid data_source=&#8220;data-9&#8243; images_attach=&#8220;220,219,218,217,216,222,223,224,225&#8243; null=&#8220;&#8220; img_size=&#8220;large&#8220; content_type=&#8220;image&#8220; columnpadding=&#8220;column_padding&#8220; masonry=&#8220;masonry&#8220; lightbox=&#8220;yes&#8220;][\/vc_column][\/vc_row][vc_row full_width=&#8220;stretch_row&#8220; css=&#8220;.vc_custom_1503331155333{padding-top: 20px !important;padding-bottom: 20px !important;background-color: #f7f7f7 !important;}&#8220;][vc_column][vc_column_text]<\/p>\n<h2 style=\"text-align: center;\">HABEN SIE NOCH FRAGEN?<\/h2>\n<p>[\/vc_column_text][vc_row_inner][vc_column_inner width=&#8220;1\/3&#8243;][\/vc_column_inner][vc_column_inner width=&#8220;1\/3&#8243;][vc_separator color=&#8220;link_color&#8220; border_width=&#8220;4&#8243; el_width=&#8220;20&#8243; css=&#8220;.vc_custom_1472903522831{margin-top: 5px !important;}&#8220;][\/vc_column_inner][vc_column_inner width=&#8220;1\/3&#8243;][\/vc_column_inner][\/vc_row_inner][vc_row_inner css=&#8220;.vc_custom_1467381068708{padding-top: 0px !important;}&#8220;][vc_column_inner width=&#8220;5\/6&#8243; offset=&#8220;vc_col-lg-offset-1 vc_col-md-offset-1 vc_col-sm-offset-1&#8243;][vc_column_text]<\/p>\n<p style=\"text-align: center;\">Bitte z\u00f6gern Sie uns nicht bei Fragen zu kontaktieren!<\/p>\n<p>[\/vc_column_text][\/vc_column_inner][\/vc_row_inner][vc_row_inner][vc_column_inner width=&#8220;1\/2&#8243; offset=&#8220;vc_col-lg-offset-3 vc_col-lg-3&#8243;][vc_btn title=&#8220;KONTAKTFORMULAR&#8220; style=&#8220;flat&#8220; shape=&#8220;square&#8220; align=&#8220;center&#8220; button_block=&#8220;true&#8220; link=&#8220;url:https%3A%2F%2Fthemeforest.net%2Fitem%2Fyou-multipurpose-responsive-wordpress-theme%2F15175900%3Fref%3D-ACODA-||target:%20_blank|&#8220;][\/vc_column_inner][vc_column_inner width=&#8220;1\/2&#8243; offset=&#8220;vc_col-lg-3&#8243;][vc_btn title=&#8220;Jetzt Anrufen&#8220; style=&#8220;flat&#8220; shape=&#8220;square&#8220; color=&#8220;black&#8220; align=&#8220;center&#8220; button_block=&#8220;true&#8220; link=&#8220;url:call%3A%200302510374|||&#8220;][\/vc_column_inner][\/vc_row_inner][\/vc_column][\/vc_row]<\/p>\n","protected":false},"excerpt":{"rendered":"<p>[vc_row full_width=&#8220;stretch_row&#8220; full_height=&#8220;half_row_height&#8220; parallax=&#8220;yes&#8220; overlay_color=&#8220;rgba(0,0,0,0.4)&#8220; css=&#8220;.vc_custom_1474359160623{background-image: url(http:\/\/demo.acoda.com\/demo-13\/wp-content\/uploads\/sites\/9\/2016\/07\/portfolio-5.jpg?id=217) !important;}&#8220;][vc_column][\/vc_column][\/vc_row][vc_row full_width=&#8220;stretch_row&#8220; css=&#8220;.vc_custom_1469436511073{padding-top: 120px !important;padding-bottom: 120px !important;}&#8220; anchor_link=&#8220;portfolio&#8220;][vc_column][vc_column_text css=&#8220;.vc_custom_1503331220892{padding-top: 10px !important;padding-bottom: 10px !important;}&#8220;] Lassen Sie sich verw\u00f6hnen! [\/vc_column_text][vc_column_text]Im Herzen der Mutterstadt Berlin geh\u00f6ren wir zu den f\u00fchrenden Anbietern. Vom Konzept \u00fcber die Organisation bis zur Event-Begleitung \u00fcbernehmen wir die gesamte Durchf\u00fchrung ihrer Veranstaltung mit Perfektion und unserer Kompetenz.<a class=\"read-more\" href=\"https:\/\/vicomfestsaal.de\/?page_id=103\">Continue reading <i class=\"fa fa-angle-right fa-lg\"><\/i><\/a><\/p>\n","protected":false},"author":2,"featured_media":0,"parent":0,"menu_order":0,"comment_status":"closed","ping_status":"closed","template":"","meta":[],"_links":{"self":[{"href":"https:\/\/vicomfestsaal.de\/index.php?rest_route=\/wp\/v2\/pages\/103"}],"collection":[{"href":"https:\/\/vicomfestsaal.de\/index.php?rest_route=\/wp\/v2\/pages"}],"about":[{"href":"https:\/\/vicomfestsaal.de\/index.php?rest_route=\/wp\/v2\/types\/page"}],"author":[{"embeddable":true,"href":"https:\/\/vicomfestsaal.de\/index.php?rest_route=\/wp\/v2\/users\/2"}],"replies":[{"embeddable":true,"href":"https:\/\/vicomfestsaal.de\/index.php?rest_route=%2Fwp%2Fv2%2Fcomments&post=103"}],"version-history":[{"count":10,"href":"https:\/\/vicomfestsaal.de\/index.php?rest_route=\/wp\/v2\/pages\/103\/revisions"}],"predecessor-version":[{"id":462,"href":"https:\/\/vicomfestsaal.de\/index.php?rest_route=\/wp\/v2\/pages\/103\/revisions\/462"}],"wp:attachment":[{"href":"https:\/\/vicomfestsaal.de\/index.php?rest_route=%2Fwp%2Fv2%2Fmedia&parent=103"}],"curies":[{"name":"wp","href":"https:\/\/api.w.org\/{rel}","templated":true}]}}